)*14?
3, 7
Suppose -3*y + 16 = -2*q, -5*q = -4*y - 3*q + 18. Let d be 4 + (-2 + y)*1. Suppose -3*w + 16 = d*c - 5, -12 = -c - 3*w. What are the prime factors of c?
3
Let h = 8 - 5. Suppose 4*y = -h*l + 15, -3*y + 0*l + 2*l + 24 = 0. List the prime factors of y.
2, 3
Suppose -6*v = -3*v - 222. What are the prime factors of v?
2, 37
Suppose -36 = -3*r - 3*n, 5*r - 5*n = -0*r + 70. What are the prime factors of r?
13
Let u be 3 + (-3 - -4 - -1). Let n(s) = 4. Let x(o) = o + 7. Let y(w) = -5*n(w) + 2*x(w). List the prime factors of y(u).
2
Let r(o) = 4 - 4*o + 0*o + o. What are the prime factors of r(-3)?
13
Suppose 0 = -v - 4. Let l be (-1 - 0)/(2/v). Suppose -2*g = p - l, 2*p + 5*g - 14 = -2*p. What are the prime factors of p?
2, 3
Let r be 2/(-4) + (-9)/(-2). Suppose -5*d + 63 = -x + 4*x, -3*d - 55 = -r*x. What are the prime factors of x?
2
Suppose -3*r = 2*b - 392, -4*r - 4*b = -8*b - 536. List the prime factors of r.
2, 3, 11
Suppose q - 2*t = 3, -5*q - 2*t = 7 + 2. Let n be q/3 - (-80)/15. Suppose -n*x + 2*x + 9 = 0. What are the prime factors of x?
3
Let s(i) = 3*i - 11. What are the prime factors of s(13)?
2, 7
Let r = 4 + 231. List the prime factors of r.
5, 47
Suppose 5*m - v = 29, -4*m = v + 7 - 32. Suppose -4*d = -m*d + 46. What are the prime factors of d?
23
Let h(l) = 25*l + 13. What are the prime factors of h(6)?
163
Let j(x) = 17*x**2. Let d(s) = -s + 4. Let y be d(5). What are the prime factors of j(y)?
17
Suppose 3*s = -2*c + 10, -2*c - 5*s + 1 = -9. Suppose -c*i + 83 + 171 = -z, 4*i - 188 = -3*z. List the prime factors of i.
2, 5
Let c = -10 - -4. Let o(j) = -3*j. List the prime factors of o(c).
2, 3
Let l = 0 - 1. Let z be (l/2)/(4/32). List the prime factors of (z/6)/((-1)/3).
2
Suppose -316 = 21*o - 22*o. What are the prime factors of o?
2, 79
Let f = -8 - -40. Let q(n) = n**3 - 9*n**2 - 9*n - 10. Let v be q(10). Suppose v*b - f = -4*b. What are the prime factors of b?
2
Let j be (1 - -13) + -2 + 3. Let p be 12/j*(-5)/(-1). Let k = -2 + p. What are the prime factors of k?
2
Let b(m) = m + 3. Let z be b(-6). Let y be -4 - (z/(-3) - 2). List the prime factors of 1/(y/72*-2).
2, 3
Suppose j - 283 = -2*y, 0 = -j - 4*y - 127 + 420. List the prime factors of j.
3, 7, 13
Suppose -2*j = -6*j + 32. Suppose j = 2*u - 40. List the prime factors of u.
2, 3
Let v = 14 + -11. Let x(b) = -b**2 + 6*b + 3. List the prime factors of x(v).
2, 3
Suppose 6 = -4*r - 2. List the prime factors of 7 + r + 1 + 0.
2, 3
Suppose 0 - 2 = -f, f - 40 = -u. List the prime factors of u.
2, 19
Let f be ((-8)/(-2))/(1 + 1). Suppose -3*g = f*g + 35. What are the prime factors of (8/(-2))/2 - g?
5
Let c = -8 - -43. List the prime factors of c.
5, 7
Suppose 4*f = -5*u + 228, -3*f + 6 = -0*f. List the prime factors of u.
2, 11
Suppose -2*j - 3*j = 3*d - 421, 2*d - 282 = -4*j. What are the prime factors of d?
137
Let i(v) = 8*v + 10. Let d be i(11). Suppose -16 = -4*w, 6*y + 2*w - d = y. Suppose 2*r - 12 = -0*b + 2*b, 2*r - 5*b - y = 0. What are the prime factors of r?
2
Let d(i) = i + 21. Let a be d(-15). Let b = 46 - a. What are the prime factors of b?
2, 5
Let r = 234 - 165. List the prime factors of r.
3, 23
Let x = -3 + -3. Let l = 13 + x. Suppose -2*b + j = -l*b + 10, -22 = b + 5*j. What are the prime factors of b?
3
Let x be 16/6*(-6)/(-4). Suppose -7*h = 3*a - 2*h - 38, 1 = a + x*h. Let t = a - 7. What are the prime factors of t?
2, 7
Suppose -l = 4*i - 30, 4*i + 7 + 13 = 0. What are the prime factors of l?
2, 5
Let r = 157 - 47. What are the prime factors of r?
2, 5, 11
Suppose -9 = -3*c, -4*m - 2*c = -c - 639. What are the prime factors of m?
3, 53
Suppose -w + 12 = -1. List the prime factors of w.
13
Suppose -72*c = -81*c + 333. List the prime factors of c.
37
What are the prime factors of 4/(-18) - (-2020)/18?
2, 7
Let r(q) = q**3 - 19*q**2 + 28*q - 19. What are the prime factors of r(18)?
7, 23
Let o = -6 + 6. Let i = o + 12. What are the prime factors of i?
2, 3
Suppose -5*r + r = -28. List the prime factors of r.
7
Suppose 5 = -n + 27. List the prime factors of n.
2, 11
Let n = -5 - -4. Let r = n - -5. Suppose 15 = r*h - 5*i, h = -h + 3*i + 5. What are the prime factors of h?
2, 5
Let c = 89 + -43. List the prime factors of c.
2, 23
Let c = 3 - 0. Suppose 5*q - 4*n - 118 = 0, -q + 6 = c*n - 10. List the prime factors of q.
2, 11
Suppose 4*m - 2*b - 3*b - 264 = 0, -5*b = 20. List the prime factors of m.
61
Let h(l) = 2*l - 1. Let p be h(1). List the prime factors of (8 + 0)*p*3.
2, 3
Let l = 26 - -1. List the prime factors of l.
3
Let o = -7 + 18. Let v = 59 - o. List the prime factors of v.
2, 3
Let l(h) = h + 7. Let c be l(-4). Suppose -2*d + c = -f, -1 = 5*f - 26. Suppose 5*m - q = 34 + 10, -d*m + 35 = -q. What are the prime factors of m?
3
List the prime factors of (164/205)/(-1 + 147/145).
2, 29
Let w = -11 - -17. What are the prime factors of 1 - 10*w/(-2)?
31
Let k(z) = z**2 + 3*z - 8. List the prime factors of k(-8).
2
Let d(j) = j**2 + j. Let o be d(1). Suppose -6 = -o*h + 14. List the prime factors of h.
2, 5
Let n be ((-4)/(-5))/((-10)/(-25)). Suppose u = -n*u. Suppose -4*r = w, -2*w + 10 = -u*w - 2*r. List the prime factors of w.
2
Let z be ((1 + -1)/(-2))/2. Suppose -5*m + 50 + 60 = z. What are the prime factors of m?
2, 11
Suppose -q + 3*q = i, 5*q + 15 = 0. Let n(j) be the first derivative of -j**2/2 + 3*j - 2. What are the prime factors of n(i)?
3
Suppose -2*v + 10 = 3*v. Suppose v*o = -5*d + 35, -2*o = -5*d + 11 + 4. Suppose -d*f + 7 + 1 = -q, 5*f - 16 = -3*q. What are the prime factors of f?
2
Suppose -5*c - 111 = -8*c. List the prime factors of c.
37
Let d(r) = 4*r**2 + 3*r - 7. List the prime factors of d(3).
2, 19
List the prime factors of 56/21*(19 + 2).
2, 7
Suppose 4*z = q, -14 - 2 = -3*q - 4*z. Let i(b) = -b**3 - 3*b + 3*b**3 - b**3 + 5 - 3*b**2. List the prime factors of i(q).
3
Suppose 0 = -3*l + 4*r + 43, 3*l = -0*r - r + 38. Suppose 0 = 6*b - 68 - 70. Let h = b - l. List the prime factors of h.
2, 5
Suppose -4*j + 20 = -0*j. List the prime factors of j.
5
Suppose -2*b + 12 = 2, 2*b - 67 = -3*z. Let g = -33 + z. List the prime factors of g/(-35) - 28/(-5).
2, 3
Let k(r) = r + 4. Let j be k(-4). Let f = 2 - j. What are the prime factors of f?
2
Let m = 173 - 81. What are the prime factors of m?
2, 23
Let j(q) = q**2 + 3*q - 10. Let v be (-52)/(-10) - (-16)/(-80). List the prime factors of j(v).
2, 3, 5
Suppose 0 = 2*j - 5*j + 18. Suppose k + 17 = -f + j*f, 4*k = 4*f - 20. What are the prime factors of f?
3
Let w(j) = -j**3 - 6*j**2 + 7*j + 4. Let l be w(-7). Let s = -3 + l. List the prime factors of s - -2 - 5/(-5).
2
Let c(w) = 12*w**3. Let d be c(-1). Let n(z) = -z**3 - 7*z**2 + 5*z - 1. Let m be n(-8). Let a = d + m. What are the prime factors of a?
11
Let z be (2 - 0)*(4 + -3). Suppose 0 = 5*x + z*a + a - 24, x = 4*a - 9. What are the prime factors of x + (-1 - (-3 + -1))?
2, 3
Let h(g) = -g**3 + 10*g**2 + 2*g - 2. Let s be h(10). List the prime factors of (s/(-10))/(1/(-5)).
3
Let a(h) = -9 + 8 - h**3 - 2*h + 0*h**3. What are the prime factors of a(-2)?
11
What are the prime factors of 94/3 - (-7)/(-21)?
31
Let n = 32 + -4. List the prime factors of n.
2, 7
Let s(d) be the third derivative of d**6/120 - d**5/10 + d**4/4 - d**3 - 2*d**2. Let y be s(5). List the prime factors of 0 + (y/1 - -3).
2
Suppose 5*m + 0*m - 10 = 0. Suppose i = -4*k - 20, 3*i - 8 = 4*k + 12. Suppose -o - 2*s + 16 = m*o, 5*o - 5*s - 10 = i. What are the prime factors of o?
2
Let y(x) = -3*x + 1. Let z be y(-1). Suppose z*r + 4*s - 18 = -2, r - 5*s - 10 = 0. List the prime factors of r.
5
Let g be ((-2)/1)/(2/50). Let y = -4 - g. List the prime factors of y.
2, 23
List the prime factors of (-2)/3*(-6417)/46.
3, 31
Suppose -2 = 5*b - 3*b + a, -4*a = -5*b + 8. Suppose -3*y + 0 = -d + 3, 12 = 4*d - 5*y. Let i = d + b. What are the prime factors of i?
3
Suppose -12 = -4*r, 53 = -4*t + r + 14. List the prime factors of (-2)/((-24)/t)*-4.
3
Let z(n) = n**3 + 12*n**2 + 2*n - 21. What are the prime factors of z(-10)?
3, 53
Suppose -19 = -5*w - 2*r - 2, w - 6 = -3*r. Suppose 0*h - 57 = -w*p + 3*h, -5*h = -10. What are the prime factors of p?
3, 7
Let u(g) = 9*g - 6. Let n be u(4). Suppose -n - 55 = -5*y - 5*p, -2*y = p - 31. List the prime factors of y.
